. What is the highest common factor of y and a?
14
Suppose -3*d - 10 = -3*o - 2*o, 0 = d - 2*o + 4. Let f = d + 5. What is the greatest common factor of 10 and f?
5
Let x = 34 + -23. Calculate the highest common factor of 88 and x.
11
Let w(h) = -4*h + 1. Let a be w(-1). Suppose -r + a*r + 3*z = 486, 0 = 4*r + 5*z - 490. Let m be (4/10)/(3/r). What is the highest common factor of 112 and m?
16
Let d(m) = -m**3 - m**2 + 3*m + 7. Let o be d(-3). What is the highest common divisor of 8 and o?
8
Let u be (7/(-2) + -1)/(105/(-140)). Let l = 9 - 6. Suppose l*s + 36 = 7*s. What is the highest common factor of s and u?
3
Let n(m) = 3*m**2 - 8*m. Suppose 18 = 3*l - 0. Let o be n(l). Calculate the highest common divisor of o and 15.
15
Let n(u) = 17*u + 8. Suppose 0*w = 4*w - 16. Suppose -5*v - w*q - 3 = -23, -4*q = v + 12. Let z be n(v). What is the highest common factor of 18 and z?
18
Suppose -3*o + 150 = 2*l, -2*l - o = -3*l + 75. Calculate the greatest common factor of 30 and l.
15
Let h(b) = 7*b - 1. Let k be h(1). Let r = 8 - 0. Let l be 386/r - (-1)/(-4). Calculate the highest common divisor of l and k.
6
Suppose 5*o = 2*c - 291, 5*c = o - 297 + 1013. Calculate the highest common factor of c and 13.
13
Suppose 7 + 4 = -v. Let i = v + 17. Calculate the greatest common factor of 1 and i.
1
Let x be 4/(-22) + 2/(88/756). What is the greatest common divisor of 17 and x?
17
Let r(o) = -o**3 - 12*o**2 - 2*o - 8. Let x be r(-13). Calculate the highest common divisor of x and 17.
17
Let z(x) = 3*x**3 + 2*x**2 - x. Suppose d + 14 = 5*f, -f - 4 = -d - 2*f. Let g be z(d). Calculate the greatest common factor of 32 and g.
4
Suppose 4*v - 50 = 998. Let c be v/12 - (-7)/42. Suppose 458 = 3*n - 4*w, 150 = -n + 2*n - 4*w. What is the greatest common factor of n and c?
22
Suppose -2*w + 36 = 4*w. Suppose -39 - 9 = -4*t. What is the greatest common factor of t and w?
6
Let i(a) = -a**2 - 23*a - 30. Let c be i(-17). Calculate the highest common divisor of c and 8.
8
Let s be (6/2)/(39/26). Suppose -48 = -4*t + 2*q, -3*q - 16 = t - 3*t. Calculate the greatest common factor of s and t.
2
Suppose 33 = -2*u - 127. Let y be (-1)/5 + u/(-25). Calculate the highest common factor of 27 and y.
3
Let c be 152/11 + 2/11. Let l = 52 - -18. Calculate the highest common divisor of l and c.
14
Let n = 96 - 0. Suppose 3*s + 2*s = -60. Let p be 20/(-2)*s/10. What is the greatest common divisor of p and n?
12
Let g be 1792/304 + 4/38. Let s(z) = -z - 4. Let m be s(-3). Let b be 30 + -1 + m + 2. Calculate the highest common factor of b and g.
6
Suppose -4*w + 64 = 4*p, -3*p = -p + 5*w - 38. Let d(h) = -2*h**2 + 2*h. Let k be d(3). Let q = k - -26. Calculate the greatest common factor of q and p.
14
Suppose 0*g = 5*g + 10. Let c be (-2)/(1/(67/g)). Suppose 0 = -w + 5*n + 19, w - c = -4*w - 3*n. Calculate the highest common divisor of w and 21.
7
Suppose f = -0*f + 5*g - 11, 2*g - 6 = 2*f. Let u be 0/((2/1)/f). Suppose u = -2*t + 130 + 30. Calculate the highest common divisor of t and 20.
20
Suppose 0 = 4*z + 9 - 17. Calculate the greatest common divisor of z and 2.
2
Suppose -3*d = 4*j + 92, 4*j - d - d + 112 = 0. Let c = -17 - j. Suppose 11 = k - 5*x, 56 = k + 4*x - 0*x. What is the highest common divisor of c and k?
9
Let d(x) = x**2 + 2*x. Let h be d(-3). What is the greatest common factor of h and 2?
1
Let t be ((-18)/2)/(3/(-27)). Let d = -1 + 3. Suppose -d*m = -4*w - w + 37, w + m - 13 = 0. Calculate the greatest common factor of t and w.
9
Let y(d) = d + 22. Let m be y(-17). What is the highest common divisor of 5 and m?
5
Suppose 3*u - 290 = -u - 2*m, 0 = 5*u + m - 361. What is the greatest common factor of 8 and u?
8
Let w = 21 + -15. Let v(x) = -x**3 + 6*x**2 + 5. Let r be v(w). What is the highest common divisor of 5 and r?
5
Suppose 2*o = 5*r + 71 - 437, 0 = -4*r + o + 291. Calculate the highest common factor of 18 and r.
18
Let s = -4 - -8. Let g be 24/(-16)*8/(-3). Calculate the greatest common factor of s and g.
4
Let h(t) = -t**2 + 4*t + 3. Let s be h(-6). Let f = s + 102. Let y = 10 + -1. Calculate the greatest common divisor of y and f.
9
Let y = -7 - -70. Let f = y + -27. Calculate the highest common divisor of 24 and f.
12
Suppose 5*c - 5*a = 25, -3*a + 2*a = 3. Suppose 7*q - 2*q - 3*r = 9, q - 3*r + 3 = 0. Suppose c*j - 9 + q = 0. Calculate the greatest common factor of j and 24.
3
Suppose -5*y - m + 1 = -23, -3*m - 18 = -3*y. Suppose o - 77 = 4*c, -3*o + 263 = -c + y*c. What is the greatest common factor of 17 and o?
17
Suppose -4*v = -5*a - v + 15, -5*a + v = -5. Suppose 3*f + a*f = -24. Let b(o) = -16*o - 7. Let x be b(f). What is the highest common divisor of 11 and x?
11
Suppose 4*n = 58 + 74. Let h = 34 + -5. Let o be h/9 - 6/27. Calculate the greatest common divisor of o and n.
3
Let n = -17 + -14. Let a = n - -50. What is the highest common divisor of a and 57?
19
Let p be (-1)/(2/(-40)) - -3. Calculate the highest common divisor of p and 138.
23
Let u(k) be the second derivative of 0 - k - 1/6*k**3 + k**2. Let p be u(-6). Calculate the highest common factor of 56 and p.
8
Suppose -20*d + 176 = -44. What is the greatest common divisor of 2 and d?
1
Suppose 3*r - 3*u = 7*r - 243, 0 = -5*u + 25. Calculate the greatest common factor of 19 and r.
19
Let m(b) = -b**2 - b + 4. Let g be m(0). Let x be (2/(-3))/(g/(-90)). Calculate the highest common divisor of 3 and x.
3
Suppose -a - 1 = -3*o + 4*o, -4*o - 3*a - 5 = 0. Let r be 9/((-2)/4 - o). What is the highest common factor of 54 and r?
6
Let a be 5/(-5)*(2 - 2). Let p be 44/4 + a + -1. What is the highest common divisor of 80 and p?
10
Suppose -3*y - y + 44 = 0. Let x = -14 - -36. What is the highest common divisor of y and x?
11
Suppose -4*m - 13 = -1. Let t be -3*(4/m)/4. Let l be 18/3 + t + 2. What is the greatest common factor of l and 81?
9
Let o(f) be the second derivative of 3*f**4/2 + 3*f. Let i be o(2). What is the greatest common factor of 18 and i?
18
Suppose 5*a + 3*g = 9*a - 1548, 372 = a + 3*g. Calculate the highest common factor of 12 and a.
12
Suppose -60 = -2*d - d. Calculate the highest common factor of d and 5.
5
Suppose -5*t + 641 - 71 = 5*z, 0 = 3*z - 4*t - 328. What is the greatest common divisor of z and 14?
14
Suppose 3*l = 11*l - 256. What is the highest common divisor of 16 and l?
16
Suppose 0 = 3*i + 16 - 121. Calculate the greatest common factor of 7 and i.
7
Suppose g - 16 + 12 = -w, 4*w = 2*g - 38. Let p be 106/3 + (-4)/(-6). Calculate the greatest common divisor of g and p.
9
Suppose 0 = 4*a - 16, 3*k - 5*a - 13 = -3. Let c = k - 5. Let i(o) = 2*o + 21. Let y be i(-8). Calculate the highest common divisor of y and c.
5
Suppose -92 = -3*j - 4*t, 3*j + 4*t = 5*t + 112. Calculate the highest common divisor of j and 18.
18
Suppose 5*z = z + 12. Let b(p) = -2*p**z + 2*p**3 - 5*p**2 + 3 + p**3 + p. Let r be b(5). Calculate the greatest common factor of 32 and r.
8
Let d(g) = -g**2 - 11*g + 2. Let v be d(-9). Calculate the highest common factor of 80 and v.
20
Let k = -89 + 153. Suppose -2*l + k = 2*l. What is the highest common factor of l and 40?
8
Let s(w) = -2*w + 7. Let i be s(-3). Suppose 191 = -2*x - 227. Let g be x/(-2) + 1/(-2). What is the highest common divisor of g and i?
13
Let m be 9/(-15) + 286/10. What is the greatest common divisor of m and 4?
4
Let x be (1 - 37/(-2))*8/3. Suppose 0 = -p - 2*p + 39. What is the highest common divisor of x and p?
13
Let p(m) = m. Let r be p(-1). Let z be 24*r*2/(-4). Calculate the highest common divisor of z and 4.
4
Suppose -4*o = -7*o + 9. Let z = 9 + -6. Suppose z*l + 96 = 5*b, -5*b - 5*l = -47 - 33. Calculate the greatest common factor of b and o.
3
Suppose -44 + 11 = -3*v. Calculate the greatest common divisor of 1 and v.
1
Suppose -3*r = -161 - 109. What is the greatest common divisor of r and 36?
18
Let a = 8 - -2. Calculate the highest common factor of 20 and a.
10
Let o(y) = 0*y**3 + 3 + 12*y + 0*y**3 - 1 - y**3 - 11*y**2. Let g be o(-12). Let d be (g*10)/(9 - 8). What is the greatest common divisor of 8 and d?
4
Let u(x) = 2*x. Let s be u(1). Let z = 39 - 59. Let w be (-4)/(-10) - 272/z. Calculate the highest common divisor of s and w.
2
Let f be (-14)/8*(-92)/1. What is the highest common divisor of f and 23?
23
Suppose